{"id":29,"date":"2022-07-07T13:53:44","date_gmt":"2022-07-07T13:53:44","guid":{"rendered":"https:\/\/aguiacontabilidade.com.br\/?page_id=29"},"modified":"2025-03-06T20:19:16","modified_gmt":"2025-03-06T20:19:16","slug":"a-aguia","status":"publish","type":"page","link":"https:\/\/aguiacontabilidade.com.br\/?page_id=29","title":{"rendered":"A \u00c1guia"},"content":{"rendered":"\n<h3 class=\"wp-block-heading\"><strong>Quem Somos:<\/strong><\/h3>\n\n\n\n<p>A \u00c1guia Cont\u00e1bil foi fundada em 1.984 e estabelecida a Av. C\u00e1sper L\u00edbero, 336 &#8211; Vila Osasco &#8211; Osasco, atua com padr\u00e3o de qualidade no mercado h\u00e1 mais de 25 anos em parceria com seus clientes.<\/p>\n\n\n\n<h3 class=\"wp-block-heading\">&#8211; Campos de atua\u00e7\u00e3o:<\/h3>\n\n\n\n<p>Nossa empresa atende nas \u00e1reas do com\u00e9rcio, ind\u00fastria e presta\u00e7\u00e3o de servi\u00e7os.<\/p>\n\n\n\n<h3 class=\"wp-block-heading\">&#8211; Nossos objetivos:<\/h3>\n\n\n\n<p>Nosso objetivo \u00e9 a busca continua por solu\u00e7\u00f5es e caminhos alternativos, visando sempre a maximiza\u00e7\u00e3o dos resultados de nossos clientes.<\/p>\n\n\n\n<p><strong>Filosofia da \u00c1guia<\/strong><\/p>\n\n\n\n<p>A Hist\u00f3ria da \u00c1guia \u00e9 bem conhecida, mas vale a pena uma constante reflex\u00e3o. A \u00e1guia \u00e9 a ave que possui a maior longevidade da esp\u00e9cie. Chega a viver 70 anos. Mas para chegar a essa idade, aos 40 anos ela tem que tomar uma s\u00e9ria e dif\u00edcil decis\u00e3o.<br>Aos 40 anos ela est\u00e1 com:\u2022 As unhas compridas e flex\u00edveis, n\u00e3o conseguem mais agarrar as suas presas das quais se alimenta.<br>\u2022 O bico alongado e pontiagudo se curva.<br>\u2022 Apontando contra o peito est\u00e3o as asas, envelhecidas e pesadas em fun\u00e7\u00e3o da grossura das pernas, e voar \u00e9 t\u00e3o dif\u00edcil.<br>Ent\u00e3o a \u00e1guia s\u00f3 tem duas alternativas :<br>\u2022 Morrer<br>\u2022 Ou enfrentar um dolorido processo de renova\u00e7\u00e3o que ir\u00e1 durar 150 dias.<br>Esse processo consiste em voar para o alto de uma montanha e se recolher em um ninho pr\u00f3ximo a um pared\u00e3o onde ela n\u00e3o necessite voar.<br>Ent\u00e3o, ap\u00f3s encontrar esse lugar, a \u00e1guia come\u00e7a a bater com o bico em uma parede at\u00e9 conseguir arranc\u00e1-lo.<br>Ap\u00f3s arranc\u00e1-lo, espera nascer um novo bico, com o qual vai depois arrancar suas unhas.<br>Quando as novas unhas come\u00e7am a nascer, ela passa a arrancar as velhas penas.<br>E s\u00f3 ap\u00f3s cinco meses sai para o famoso v\u00f4o de renova\u00e7\u00e3o e para viver ent\u00e3o mais 30 anos<\/p>\n\n\n\n<p><strong><em>\u201cEm nossa vida, muitas vezes, temos de nos resguardar por algum tempo e come\u00e7ar um processo de renova\u00e7\u00e3o. Para que continuemos a voar um v\u00f4o de vit\u00f3ria, devemos nos desprender de lembran\u00e7as, costumes e outras tradi\u00e7\u00f5es que nos causaram dor.<br>Somente livres do peso do passado, poderemos aproveitar o resultado valioso que uma renova\u00e7\u00e3o sempre traz\u201d<\/em><\/strong><\/p>\n","protected":false},"excerpt":{"rendered":"<p>Quem Somos: A \u00c1guia Cont\u00e1bil foi fundada em 1.984 e estabelecida a Av. C\u00e1sper L\u00edbero, 336 &#8211; Vila Osasco &#8211; Osasco, atua com padr\u00e3o de qualidade no mercado h\u00e1 mais de 25 anos em parceria com seus clientes. &#8211; Campos de atua\u00e7\u00e3o: Nossa empresa atende nas \u00e1reas do com\u00e9rcio, ind\u00fastria e presta\u00e7\u00e3o de servi\u00e7os. &#8211; [&hellip;]<\/p>\n","protected":false},"author":3,"featured_media":8,"parent":0,"menu_order":0,"comment_status":"closed","ping_status":"closed","template":"","meta":{"footnotes":""},"class_list":["post-29","page","type-page","status-publish","has-post-thumbnail","hentry"],"_links":{"self":[{"href":"https:\/\/aguiacontabilidade.com.br\/index.php?rest_route=\/wp\/v2\/pages\/29","targetHints":{"allow":["GET"]}}],"collection":[{"href":"https:\/\/aguiacontabilidade.com.br\/index.php?rest_route=\/wp\/v2\/pages"}],"about":[{"href":"https:\/\/aguiacontabilidade.com.br\/index.php?rest_route=\/wp\/v2\/types\/page"}],"author":[{"embeddable":true,"href":"https:\/\/aguiacontabilidade.com.br\/index.php?rest_route=\/wp\/v2\/users\/3"}],"replies":[{"embeddable":true,"href":"https:\/\/aguiacontabilidade.com.br\/index.php?rest_route=%2Fwp%2Fv2%2Fcomments&post=29"}],"version-history":[{"count":3,"href":"https:\/\/aguiacontabilidade.com.br\/index.php?rest_route=\/wp\/v2\/pages\/29\/revisions"}],"predecessor-version":[{"id":69,"href":"https:\/\/aguiacontabilidade.com.br\/index.php?rest_route=\/wp\/v2\/pages\/29\/revisions\/69"}],"wp:featuredmedia":[{"embeddable":true,"href":"https:\/\/aguiacontabilidade.com.br\/index.php?rest_route=\/wp\/v2\/media\/8"}],"wp:attachment":[{"href":"https:\/\/aguiacontabilidade.com.br\/index.php?rest_route=%2Fwp%2Fv2%2Fmedia&parent=29"}],"curies":[{"name":"wp","href":"https:\/\/api.w.org\/{rel}","templated":true}]}}